{"id":223,"date":"2017-08-04T15:20:45","date_gmt":"2017-08-04T15:20:45","guid":{"rendered":"http:\/\/enerwat.utad.pt\/?page_id=223"},"modified":"2018-10-30T16:52:00","modified_gmt":"2018-10-30T16:52:00","slug":"media-events","status":"publish","type":"page","link":"https:\/\/enerwat.utad.pt\/?page_id=223","title":{"rendered":"Media"},"content":{"rendered":"<ul>\n<li><strong><a href=\"http:\/\/www.voltaaoconhecimento.pt\/single-post\/2017\/08\/01\/Nexus-%C3%81gua-Energia\">Projecto ENERWAT na volta a Portugal em bicicleta<\/a><\/strong><\/li>\n<li><strong><a href=\"http:\/\/www.utad.pt\/vPT\/Area2\/noticias\/Paginas\/2017\/noticias_julho\/flagelo_escassez_agua.aspx\">UTAD: Flagelo de escassez agua<\/a><\/strong><\/li>\n<li><strong><a href=\"http:\/\/vozdocampo.pt\/2017\/06\/30\/utad-alerta-flagelo-da-escassez-da-agua\/\">A revista Voz do Campo: publica\u00e7\u00e3o mensal especializada no setor agr\u00e1rio<\/a><\/strong><\/li>\n<li><strong><a href=\"https:\/\/www.dn.pt\/lusa\/interior\/investigadora-de-vila-real-alerta-para-o-flagelo-da-escassez-da-agua-8603218.html\">Di\u00e1rio de Not\u00edcias<\/a><\/strong><\/li>\n<li><strong><a href=\"https:\/\/www.avozdetrasosmontes.pt\/noticia\/15378\">Voz de Tr\u00e1s-os-Montes<\/a><\/strong><\/li>\n<li><strong><a href=\"http:\/\/enerwat.utad.pt\/wp-content\/uploads\/2018\/10\/ENERWAT-O-Instalador.pdf\">O Instalador (version PDF)<\/a><\/strong><\/li>\n<li><strong><a href=\"http:\/\/gazetarural.com\/2017\/07\/01\/utad-alerta-para-o-flagelo-da-escassez-da-agua\/\">Gazeta Rural<\/a><\/strong><\/li>\n<\/ul>\n<\/hr>\n<p>UTAD TV (youtube): Projeto ENERWAT estuda formas de reduzir consumos de \u00e1gua e energia<br \/>\n<iframe loading=\"lazy\" width=\"560\" height=\"315\" src=\"https:\/\/www.youtube.com\/embed\/fgfuOT5t3Fw\" frameborder=\"0\" allow=\"autoplay; encrypted-media\" allowfullscreen><\/iframe><\/p>\n<p>Also in <a href=\"http:\/\/utadtv.utad.pt\/info\/academia\/projeto-enerwat-estuda-formas-reduzir-consumos-agua-energia\/\" target=\"_blank\" rel=\"noopener\" data-saferedirecturl=\"https:\/\/www.google.com\/url?q=http:\/\/www.pt.cision.com\/cp2013\/ClippingDetails.aspx?id%3Df4309aaa-37a8-47b2-a538-c0f0f6f4d65d&amp;source=gmail&amp;ust=1506686187218000&amp;usg=AFQjCNFaoMKHN6P0fij1OyOStnNxCq3Ltg\">UTAD TV Online &#8211; 12-07-2017<\/a><\/p>\n","protected":false},"excerpt":{"rendered":"<p>Projecto ENERWAT na volta a Portugal em bicicleta UTAD: Flagelo de escassez agua A revista Voz do Campo: publica\u00e7\u00e3o mensal especializada no setor agr\u00e1rio Di\u00e1rio de Not\u00edcias Voz de Tr\u00e1s-os-Montes O Instalador (version PDF) Gazeta Rural UTAD TV (youtube): Projeto ENERWAT estuda formas de reduzir consumos de \u00e1gua e energia &hellip;<\/p>\n","protected":false},"author":1,"featured_media":0,"parent":0,"menu_order":0,"comment_status":"closed","ping_status":"closed","template":"","meta":[],"_links":{"self":[{"href":"https:\/\/enerwat.utad.pt\/index.php?rest_route=\/wp\/v2\/pages\/223"}],"collection":[{"href":"https:\/\/enerwat.utad.pt\/index.php?rest_route=\/wp\/v2\/pages"}],"about":[{"href":"https:\/\/enerwat.utad.pt\/index.php?rest_route=\/wp\/v2\/types\/page"}],"author":[{"embeddable":true,"href":"https:\/\/enerwat.utad.pt\/index.php?rest_route=\/wp\/v2\/users\/1"}],"replies":[{"embeddable":true,"href":"https:\/\/enerwat.utad.pt\/index.php?rest_route=%2Fwp%2Fv2%2Fcomments&post=223"}],"version-history":[{"count":17,"href":"https:\/\/enerwat.utad.pt\/index.php?rest_route=\/wp\/v2\/pages\/223\/revisions"}],"predecessor-version":[{"id":650,"href":"https:\/\/enerwat.utad.pt\/index.php?rest_route=\/wp\/v2\/pages\/223\/revisions\/650"}],"wp:attachment":[{"href":"https:\/\/enerwat.utad.pt\/index.php?rest_route=%2Fwp%2Fv2%2Fmedia&parent=223"}],"curies":[{"name":"wp","href":"https:\/\/api.w.org\/{rel}","templated":true}]}}